uppose -3*a + 5*x + 1795 = 0, a + 108*x = 103*x + 545. What is the greatest common factor of 5525 and a?
65
Let r(o) = -6*o - 150. Let b be (-645)/21 - (-2)/(-7). Let z be r(b). What is the greatest common factor of z and 576?
36
Let k(b) = 2*b + 25 - 9*b**2 - 38*b + b**3 + 18*b. Let o be k(11). What is the greatest common factor of o and 184?
23
Suppose 1008 + 1213 = 126*o - 47. Suppose 2*p + 3*p - 250 = 0. Let v = p - 5. What is the greatest common factor of v and o?
9
Suppose 4 = -j - j, -m = -5*j + 45. Let f = -51 - m. Let u be f*(-1)/(-2) - -2. What is the greatest common divisor of 2 and u?
2
Suppose -2*r + 327 = 5*t - 377, 3*t - 5*r = 441. Let q = t - 100. Suppose -5*d + o = -100, o + 0*o - 47 = -2*d. Calculate the highest common divisor of d and q.
21
Suppose -12*r - 21*r + 16 = -17. Let d(k) = k**2 + 5*k - 13. Let w be d(-9). What is the greatest common factor of r and w?
1
Let x = -81 + -116. Let j = x - -237. What is the highest common divisor of j and 4?
4
Suppose -21*r + 26*r - f = 324, 0 = 4*r - 2*f - 264. What is the greatest common factor of r and 2?
2
Let f(l) = -2*l**3 - 11*l**2 - 2*l + 29. Let d be f(-5). Let t = 85 + 41. Calculate the greatest common divisor of t and d.
14
Let u = 2701 - 2681. Calculate the greatest common factor of u and 10.
10
Let u = -219 - -222. Suppose u*j + 60 = 6*j. What is the highest common factor of 380 and j?
20
Let n be (-30)/(-2 - -8) + (-1512)/(-2). Let w = -731 + n. What is the greatest common divisor of 15 and w?
5
Suppose -3*m - 2*b = -3*b - 5, 4*m - 4*b = -4. Suppose 2*j - 214 = -m*n - n, 4*j - 5*n = 493. Calculate the highest common divisor of 13 and j.
13
Suppose -964*a + 204204 = -950*a. What is the greatest common factor of a and 204?
102
Suppose 166*u - 91*u = -151*u + 166562. What is the highest common factor of u and 11?
11
Let a(n) be the third derivative of n**5/30 + 7*n**4/8 - 11*n**3/6 + 2*n**2 - 76*n. Let c be a(-19). What is the highest common divisor of c and 24?
24
Suppose 0 = -2*i + i + 2. Suppose -4278 = -121*g + 28*g. What is the greatest common factor of i and g?
2
Suppose -t = 5*u - 338, u - t = 3*u - 134. Suppose f = 17 + u. Calculate the greatest common factor of f and 136.
17
Let h be (12/(-15))/((-3)/(-15)). Let c be 16/2 - 3 - h. Suppose c*m = 10*m - 10. What is the highest common divisor of m and 40?
10
Let z(i) = 335*i - 2323. Let m be z(7). Calculate the greatest common factor of 1408 and m.
22
Suppose 60 = -119*r + 117 + 181. Calculate the highest common factor of r and 41.
1
Suppose 2*m + 36*w = 39*w + 819, 3*m = 5*w + 1227. Calculate the highest common factor of m and 667.
23
Let f be 5*(-94 + -1)*-2. Let u = -432 + f. Suppose -5*r + 32 = -u. What is the greatest common divisor of r and 22?
22
Suppose -4*f - 444 = 144. Let v = -121 - f. What is the greatest common factor of v and 39?
13
Let t(j) = -9*j**3 - 32*j**2 - 26*j - 15. Let c be t(-11). Calculate the highest common divisor of c and 118.
118
Suppose -494*y - 371616 = -550*y. What is the highest common factor of 632 and y?
316
Let c(w) = -349*w - 2387. Let d be c(-8). What is the greatest common factor of d and 2970?
135
Suppose 3*b + 8 = 32. Suppose b*l - 7 = 17. Suppose -l*c + 394 = 19. What is the highest common factor of 25 and c?
25
Let b(a) = -608*a + 176. Let u be b(-2). Suppose -3*d + 130 = -131. What is the highest common factor of d and u?
87
Let k be (-2)/(8/38)*(-26 + 18 - 22). Calculate the greatest common divisor of 1590 and k.
15
Let j(k) = 38*k**3 - 6*k**2 + 7*k - 3. Let v be j(1). Calculate the greatest common factor of 21474 and v.
18
Suppose 35*h + 3*k = 31*h + 2505, 3*k = -6*h + 3759. What is the greatest common divisor of 33 and h?
33
Let l = 46 + -19. Suppose -11*v + 351 = -8*v. Calculate the highest common factor of v and l.
9
Suppose 13*b - 11*b = 8. Suppose 1 = b*y - 11. Suppose -2*d + 345 = -y*p, 5*d + 3*p = 2*d + 480. Calculate the highest common divisor of 33 and d.
33
Let d = -3532 - -3545. What is the greatest common divisor of d and 299?
13
Let b(c) = 94*c - 28. Let k be b(10). Let n = k + -417. Calculate the highest common factor of 45 and n.
45
Let v = -13290 - -13352. What is the greatest common divisor of v and 4?
2
Suppose -3*p = -6, t = -20*p + 24*p + 475. Let a = t - 470. Calculate the greatest common divisor of a and 4.
1
Let q be 10 - (-2)/(12/(-30)). Let c be (-4)/(0 - (-2)/(-24)). Suppose 0 = 4*n - j - 47, -n + 4*n = q*j + c. Calculate the greatest common divisor of 1 and n.
1
Suppose -3*d + 1126 = 4*t - 2032, 0 = 5*t - 2*d - 3959. Let m = 1169 - t. What is the highest common divisor of 42 and m?
42
Let u = -99 + 118. Suppose -2*n = f - 11, -4*n + u = -0*f + f. Suppose -n*o - 114 = -386. Calculate the greatest common divisor of 17 and o.
17
Let k be 146/4 - 2/4. Suppose -11*u - k + 201 = 0. Suppose 0 = -2*w - 2*w - 5*g + 460, w - 3*g - 132 = 0. What is the greatest common factor of u and w?
15
Let d = 823 + -773. Calculate the highest common factor of 1150 and d.
50
Let h be (21 - -3)/6 + -2. Let g be -5 - (-95)/(2/h). What is the highest common divisor of g and 9?
9
Suppose 3*o - 30 = 2*z, 5*z = 3*z - 2*o - 10. Let k be (3/z)/(2404/(-600) + 4). What is the greatest common factor of k and 70?
10
Let u(h) = -h**2 + 21*h + 63. Suppose -m = o - 23, 0*m = 4*o - m - 82. Let s be u(o). Calculate the highest common factor of s and 36.
9
Suppose 5*k - h = 3176, 0 = -2*k + 2*h - 6*h + 1288. What is the highest common divisor of k and 24?
12
Let m = -19 - -46. Suppose -2*l + 66 = 4*f, -f + 3*l - 8 = -35. Calculate the greatest common divisor of m and f.
9
Let y = 41 + -38. Suppose -4*t + 70 = -y*t - 4*n, -4*t - 5*n = -385. Let r = t - 74. Calculate the highest common factor of r and 16.
16
Let o(c) = 5*c**2 + 11*c - 32. Let h be o(-8). Suppose -41*v + 46*v = h. Calculate the highest common factor of 200 and v.
40
Let r(y) = -y**3 - 8*y**2 + 8*y + 3. Let h be r(-9). Let u = -8645 - -8723. What is the highest common divisor of h and u?
6
Let f be (24/(-20))/((-20)/(-25)) + (-243)/(-2). What is the greatest common divisor of 12 and f?
12
Let t be 91 - 60 - (-5)/(-1). Suppose 0*l + 7*l - 5824 = 0. What is the highest common divisor of t and l?
26
Let s(y) = -y**3 - 22*y**2 + 64*y - 253. Let i be s(-25). What is the highest common divisor of i and 536?
2
Let p(g) = -2*g**2 + 168*g + 924. Let z be p(-5). Calculate the greatest common factor of z and 566.
2
Let v(y) = -100*y + 528. Let b be v(5). Calculate the greatest common divisor of 637 and b.
7
Suppose -8 = -4*d - 5*m, 0 = -81*m + 79*m - 16. What is the highest common factor of 40572 and d?
12
Let h = 9 + -4. Suppose -3*l = -12, -h*o - l = 2*l - 17. Suppose -123*t + 118*t + 37 = 4*r, 2*r - 21 = -3*t. What is the greatest common factor of r and o?
1
Let a(b) = b**2 - 10*b - 13. Suppose 70 = 19*h - 177. Let p be a(h). Calculate the greatest common factor of p and 13.
13
Suppose 4*o + 8*d + 55 = 3*d, 0 = 2*d + 6. Let i be (-22 + 0)*15/o. Suppose -21 = -2*r + 23. What is the highest common divisor of i and r?
11
Let r be -13 - (-2565)/(99/11). Let h be 18*1 - (1 - 0). What is the highest common divisor of h and r?
17
Let c = -263 - -473. Suppose 44*x + c = 51*x. Calculate the highest common factor of x and 165.
15
Suppose -5*a - 2*m - 12 = -6*a, 2*a + 4*m = -16. Suppose o - 47 = -a*n, -5*o - n = -10*o + 202. What is the greatest common divisor of 369 and o?
41
Let a(n) = 272*n - 1843. Let y be a(12). What is the greatest common divisor of 29 and y?
29
Let y = -372 + 377. Suppose -95 = -4*f - y*l, -3*f + 5*l - l + 48 = 0. What is the highest common divisor of f and 30?
10
Let a be ((-7)/(-14))/((-1)/(-12))*-6. Let k be (110/(-77))/(2/(-70)). Let i = k + a. Calculate the highest common factor of i and 14.
14
Let a = -11356 + 11358. Calculate the highest common divisor of a and 1458.
2
Let b = 332836 + -332828. Suppose -2*m = -544 + 144. What is the highest common divisor of m and b?
8
Let o = 8501 + -8485. Calculate the highest common factor of o and 5752.
8
Suppose -l = -2*f - 3*l + 24, 0 = -l. Suppose -3*y = f*w - 7*w - 2108, 4*y - 2104 = -5*w. What is the greatest common factor of w and 8?
8
Suppose -40089 = -13*y - 15142. What is the highest common factor of y and 38?
19
Suppose 150*j - 10228 = 8222. Calculate the highes